 - 123. Determine u(-36).
-15
Let m(f) = -32*f**3 + 2*f**2 + 4*f - 2. What is m(1)?
-28
Let r(a) = -2036*a + 50884. Give r(25).
-16
Let a(t) = -210*t - 1830. What is a(-10)?
270
Let z(k) = -10*k + 666. Determine z(67).
-4
Let s(l) = l**3 - 5*l**2 - 13*l - 4. Determine s(7).
3
Let t(j) = -j**2 - 49*j + 4. Give t(-50).
-46
Let y(f) = -18*f**2 - 7*f + 11. Determine y(2).
-75
Let l(c) = -3*c**3 + 85*c**2 + 618*c + 12. What is l(-6)?
12
Let w(h) = -215*h + 268. Determine w(2).
-162
Let y(c) = -c**2 - 88*c + 370. What is y(-92)?
2
Let a(b) = 2*b**3 - 84*b**2 + 238*b - 54. Give a(39).
102
Let z(i) = -3*i**3 + 42*i**2 - 41*i - 15. Give z(13).
-41
Let h(a) = -1019*a - 22413. Determine h(-22).
5
Let l(q) = -37*q**2 - 1310*q - 543. Calculate l(-35).
-18
Let m(y) = -9*y + 215. Give m(31).
-64
Let c(j) = 3*j**3 + 21*j**2 - 38*j - 155. Calculate c(-5).
185
Let n(z) = -z**2 + 53*z + 424. Give n(60).
4
Let x(j) = -57*j**2 - 11*j + 25. What is x(2)?
-225
Let n(k) = -16*k**2 + k + 6. What is n(3)?
-135
Let g(r) = 11*r**2 - 43*r + 45. What is g(2)?
3
Let f(l) = -2*l**2 + 22*l - 47. What is f(11)?
-47
Let i(n) = 2*n**3 - 55*n**2 + 10*n + 22. Give i(27).
-437
Let c(g) = 52*g + 1619. Determine c(-31).
7
Let o(b) = 40*b + 1917. Give o(-50).
-83
Let m(s) = -s**3 - 3*s**2 + 27*s - 14. Calculate m(0).
-14
Let w(p) = -351*p - 23520. Calculate w(-67).
-3
Let d(c) = -c**2 + 118*c - 3407. Give d(63).
58
Let a(w) = 7*w**2 - 249*w - 3203. Give a(-10).
-13
Let n(h) = -h**3 + 19*h**2 + 73*h + 50. Calculate n(23).
-387
Let a(h) = h**2 + 30*h + 102. What is a(-26)?
-2
Let m(z) = -136*z - 49. What is m(-1)?
87
Let c(y) = -y**3 - 9*y**2 + 308*y + 2248. What is c(-7)?
-6
Let i(z) = 6*z**3 - 207*z**2 + 104*z - 69. Give i(34).
-1
Let p(m) = -4*m + 1. Calculate p(0).
1
Let k(n) = -21*n - 1006. What is k(-47)?
-19
Let l(p) = 4*p**2 - 2392*p - 4789. What is l(-2)?
11
Let x(f) = 208*f - 811. Determine x(4).
21
Let m(o) = -1288*o + 1194. What is m(1)?
-94
Let r(u) = u**2 + 193*u + 9263. Give r(-102).
-19
Let g(v) = -23*v**2 - 52*v + 13. Determine g(-1).
42
Let v(j) = -j + 63. What is v(1)?
62
Let t(n) = -2*n**2 - 101*n + 2669. Calculate t(-70).
-61
Let l(r) = -3*r**3 - 4*r**2 + 6*r - 12. Determine l(-5).
233
Let t(l) = 16*l + 20. Calculate t(7).
132
Let t(w) = -277*w - 9413. Determine t(-34).
5
Let x(h) = 2*h**3 + 132*h**2 - h - 70. Calculate x(-66).
-4
Let a(d) = 700*d + 1847. Determine a(-2).
447
Let v(x) = -x**3 - 7*x**2 + 7*x - 123. What is v(-10)?
107
Let n(q) = q**3 - 6*q**2 - 48*q + 329. Give n(6).
41
Let n(z) = z**2 - 198*z + 2087. Determine n(11).
30
Let v(b) = -32*b**2 - 19*b + 3. What is v(2)?
-163
Let d(u) = 2*u**2 - 74*u + 341. Give d(5).
21
Let s(p) = -p**2 + 42*p + 16. Give s(42).
16
Let w(s) = -s**3 - 31*s**2 - 224*s + 28. What is w(-14)?
-168
Let r(z) = -23*z - 191. What is r(0)?
-191
Let u(r) = -202*r - 804. What is u(-4)?
4
Let n(w) = 2*w**3 + w**2 - 3*w + 32. What is n(-5)?
-178
Let k(y) = y**3 - 9*y**2 - 4*y + 4. What is k(8)?
-92
Let h(u) = 446*u - 4012. What is h(9)?
2
Let w(m) = 4*m**3 - 22*m**2 - 20*m + 14. Determine w(5).
-136
Let r(v) = 3*v**2 + 238*v - 202. Determine r(-78).
-514
Let t(g) = -4*g**3 - 311*g**2 + 88*g + 744. What is t(-78)?
-36
Let h(m) = 103*m**2 + 9*m + 13. Calculate h(0).
13
Let h(n) = -n - 163. Determine h(-15).
-148
Let r(i) = -43*i + 162. Determine r(-2).
248
Let l(x) = x**3 - 162*x**2 + 5535*x + 97. Give l(49).
-1
Let t(y) = 24*y - 36. What is t(-6)?
-180
Let m(c) = 39*c**3 + 92*c**2 - 5*c - 9. Calculate m(-3).
-219
Let n(u) = u**2 + 28*u + 40. What is n(-20)?
-120
Let r(k) = -k**3 - 38*k**2 - 37*k - 86. Calculate r(-37).
-86
Let c(s) = -6*s - 94. Calculate c(-22).
38
Let o(x) = x**3 - 12*x**2 + 36*x - 16. Give o(4).
0
Let h(s) = -s**2 + 20*s + 191. Give h(26).
35
Let m(z) = -z**3 + 36*z**2 + 54*z - 467. Calculate m(37).
162
Let y(n) = -2*n**2 - 137*n - 1792. Give y(-15).
-187
Let j(m) = -m**2 + 49*m + 262. Determine j(-5).
-8
Let q(v) = v**3 - 35*v**2 - 17*v + 601. What is q(35)?
6
Let a(l) = -l**3 - 2*l**2 + 165*l - 12. Calculate a(-14).
30
Let w(b) = -b**3 + 8*b**2 - 156*b + 448. Determine w(3).
25
Let f(b) = 21*b**3 - 318*b**2 + 47*b + 19. Determine f(15).
49
Let z(x) = -x**3 - 13*x**2 + 769*x - 36. Calculate z(-35).
-1
Let i(t) = -529*t - 3717. What is i(-7)?
-14
Let f(q) = -655*q + 4673. What is f(7)?
88
Let i(q) = 44*q - 34. Calculate i(1).
10
Let c(x) = -x**3 - 29*x**2 - 58*x - 71. What is c(-27)?
37
Let t(y) = -22*y**2 + 2006*y - 374. What is t(91)?
-10
Let p(q) = q**3 + 18*q**2 + 101*q + 471. Calculate p(-13).
3
Let k(v) = -v**2 - 119*v + 4980. Determine k(-152).
-36
Let c(d) = 30*d + 256. What is c(-6)?
76
Let l(n) = 39*n - 179. Give l(8).
133
Let u(r) = 10*r - 132. Give u(30).
168
Let y(g) = 272*g + 2658. What is y(-10)?
-62
Let t(o) = -2110*o + 25327. Determine t(12).
7
Let i(w) = -202*w - 879. Give i(-4).
-71
Let i(x) = x**2 + 41*x - 83. Calculate i(-38).
-197
Let x(d) = -d**3 + 128*d**2 + 663*d + 257. Determine x(133).
-9
Let v(f) = 40*f + 2133. What is v(-54)?
-27
Let a(f) = 8*f - 178. Calculate a(26).
30
Let s(a) = 223*a + 869. Give s(-7).
-692
Let w(s) = -252*s + 3021. What is w(12)?
-3
Let p(m) = 35*m**2 + 246*m + 9. Calculate p(-7).
2
Let p(y) = y**3 + 59*y**2 - 251*y + 16. Give p(-63).
-47
Let z(p) = -p**3 + 15*p**2 + 220*p - 138. Calculate z(24).
-42
Let c(l) = -l**3 - 3*l**2 + 65*l + 286. Determine c(-6).
4
Let b(g) = 96*g**2 - 1447*g + 61. What is b(15)?
-44
Let v(z) = z**3 - 5*z**2 - 149*z + 23. Give v(-10).
13
Let k(m) = 130*m + 512. Determine k(-6).
-268
Let z(t) = 592*t + 447. Calculate z(-1).
-145
Let f(q) = -q**2 - 46*q - 338. Give f(-50).
-538
Let z(b) = -155*b + 6963. Give z(45).
-12
Let j(w) = 99*w - 3155. Give j(32).
13
Let l(n) = -3*n**3 - 228*n**2 - 223*n + 122. Determine l(-75).
-28
Let j(a) = 15*a**2 - 7*a - 7. Determine j(-5).
403
Let u(n) = -127*n - 3040. Calculate u(-24).
8
Let p(m) = -21*m**2 - 12*m + 13. What is p(1)?
-20
Let r(a) = 90*a - 42. Calculate r(2).
138
Let f(b) = -b**3 + 102*b**2 - 107*b + 575. What is f(101)?
-31
Let y(n) = -n**3 + n**2 - 26*n + 26. Give y(6).
-310
Let n(f) = -f**2 - 13*f - 68. Determine n(-8).
-28
Let l(o) = o**2 + 49*o + 450. Determine l(-37).
6
Let z(d) = d**3 - 76*d**2 + 1365*d - 101. What is z(47)?
-7
Let y(k) = -6*k**2 - 52*k - 44. Give y(0).
-44
Let j(y) = -39*y - 1048. Give j(-25).
-73
Let m(d) = -155*d**2 + 24*d - 38. Determine m(2).
-610
Let l(c) = 156*c - 465. Determine l(3).
3
Let o(k) = -42*k - 1182. Calculate o(-28).
-6
Let x(i) = -2*i**2 - 3*i + 16. Calculate x(-3).
7
Let z(u) = 138*u + 833. Give z(-6).
5
Let d(f) = f**3 - 16*f**2 + 55*f - 2. Determine d(11).
-2
Let q(d) = -6*d - 901. Determine q(0).
-901
Let p(a) = -a**2 + 1090. What is p(-34)?
-66
Let m(t) = -3618*t - 50653. What is m(-14)?
-1
Let l(y) = 3*y**3 + 89*y**2 + 285*y + 17. Calculate l(-26).
43
Let a(j) = -272*j - 4. What is a(-1)?
268
Let b(y) = -y**3 + 6*y**2 + 125*y + 114. Give b(-8).
10
Let o(d) = -93*d**2 + 188*d - 10. Determine o(2).
-6
Let s(o) = -33*o - 1544. Calculate s(-42).
-158
Let a(f) = 30*f**3 - 8*f**2 + 15*f - 10. Calculate a(2).
228
Let z(j) = -156*j - 1173. What is z(-7)?
-81
Let u(r) = 5*r**2 + 284*r + 567. Calculate u(-2).
19
Let q(b) = 10*b**3 + 69*b**2 + 71*b + 3. What is q(-1)?
-9
Let b(i) = -10*i - 240. Calculate b(-18).
-60
Let v(m) = -m**3 + 10*m**2 + 14*m - 131. Calculate v(10).
9
Let x(r) = 2*r**3 + 100*r**2 - 430*r + 102. Determine x(-54).
-6
Let m(n) = -n**2 + 49*n - 579. Determine m(28).
9
Let z(v) = -v**2 - 264*v + 20222. Calculate z(62).
10
Let s(b) = -85*b + 92. Calculate s(2).
-78
Let z(d) = -9*d**2 + 28*d + 81. Calculate z(-5).
-284
Let w(c) = 9*c**2 + 386*c + 340. Give w(-42).
4
Let s(n) = n**3 + 29*n**2 + 52*n - 46. Calculate s(-27).
8
Let h(y) = 30*y + 231. Calculate h(-6).
51
Let t(h) = -h**3 + 3*h**2 + 13*h - 31. Determine t(4).
5
Let v(i) = 6*i**2 + 4*i - 9. Calculate v(-3).
33
Let x(u) = 18*u + 236. What is x(-13)?
2
Let k(l) = 23*l**2 - 216*l + 201. Give k(1).
8
Let g(y) = 51*y + 101. Give g(-4).
-103
Let s(d) = -99*d + 1108. Give s(11).
19
Let x(g) = -12*g - 308. Give x(-25).
-8
Let t(j) = 101*j + 1162. Calculate t(-12).
-50
Let d(x) = x**3 - 70*x**2 - 707*x - 317. Determine d(79).
-1
Let p(o) = o**2 - 70*o + 708. Calculate p(13).
-33
Let h(v